 657*u**2 + 149*u + 149. Determine w(-1).
657
Let k(d) = -d**2 + 36*d + 238. Calculate k(38).
162
Let l(y) = 2*y**2 - 17*y + 57. Determine l(15).
252
Let k(r) = 12*r**2 - 17*r - 46. Give k(-3).
113
Let x(z) = -186*z**3 - 3*z**2 + z + 2. Give x(-1).
184
Let m(i) = -2*i**3 + 24*i**2 + 29*i - 6. What is m(13)?
33
Let f(h) = -h**3 + 15*h**2 - 5*h + 23. Give f(12).
395
Let s(n) = 9*n**2 + 111*n + 6. Calculate s(-13).
84
Let r(z) = 12*z**2 + 560*z - 84. Give r(-47).
104
Let k(y) = -36610*y + 183049. What is k(5)?
-1
Let f(w) = -11*w + 312. Determine f(35).
-73
Let h(b) = -5175*b + 31052. Determine h(6).
2
Let v(g) = -2*g**3 - g + 42. Give v(5).
-213
Let u(y) = -214*y + 1010. Determine u(6).
-274
Let n(f) = 8*f**2 + 131*f + 51. Calculate n(-16).
3
Let v(x) = -41*x + 2340. Give v(69).
-489
Let c(s) = -44*s**2 + 1011*s + 13. Determine c(23).
-10
Let n(g) = -43*g**2 + 2657*g + 3275. Determine n(63).
-1
Let d(v) = -v**2 - 48*v - 335. What is d(-8)?
-15
Let g(h) = 166*h - 15107. What is g(91)?
-1
Let b(h) = -h**3 + 25*h**2 - 81*h + 300. Give b(23).
-505
Let j(c) = -30*c**2 - 37*c + 69. Give j(2).
-125
Let h(f) = 32*f - 164. Determine h(9).
124
Let y(n) = n**3 + 33*n**2 + 60*n - 71. Calculate y(-31).
-9
Let c(n) = n**2 + 49*n + 276. Give c(-7).
-18
Let k(o) = 7*o**2 + 136*o + 85. What is k(-19)?
28
Let i(j) = j**3 + 9*j**2 + 17*j + 4. Determine i(-4).
16
Let k(w) = w**3 - 22*w**2 + 27*w + 59. Determine k(20).
-201
Let r(h) = 8*h - 519. Calculate r(65).
1
Let u(w) = -w**2 + 23*w + 126. What is u(30)?
-84
Let p(d) = 32*d + 689. Determine p(-20).
49
Let q(f) = 20*f**3 + 1297*f**2 - 190*f + 316. Determine q(-65).
-9
Let m(k) = -k**3 + 52*k**2 - 252*k + 794. Determine m(47).
-5
Let s(y) = 2*y**3 + 2*y**2 - 12*y + 3. What is s(-3)?
3
Let q(l) = l**3 - 26*l**2 + 30*l - 149. What is q(25)?
-24
Let p(r) = r**3 - 43*r**2 - 5*r + 241. Give p(43).
26
Let x(o) = -14*o**2 - 193*o - 169. Give x(-13).
-26
Let q(i) = 79*i + 22514. Determine q(-285).
-1
Let r(h) = 3*h**3 + 13*h**2 + 57*h + 130. Give r(-3).
-5
Let d(q) = -q**3 + 29*q**2 - 2*q + 62. What is d(29)?
4
Let o(f) = -36*f - 2058. Give o(-57).
-6
Let m(s) = -2*s**3 + 20*s**2 - 4*s - 149. Determine m(8).
75
Let z(b) = 6*b - 95. Calculate z(14).
-11
Let u(g) = g**3 + 34*g**2 - 123*g - 514. Give u(-37).
-70
Let j(y) = 61*y + 6346. Give j(-104).
2
Let z(u) = -167*u + 11508. Calculate z(69).
-15
Let s(o) = -351*o - 2108. What is s(-6)?
-2
Let z(l) = 4*l**2 + 172*l - 895. Calculate z(5).
65
Let v(b) = 61*b**2 - 41*b + 41. Give v(1).
61
Let d(j) = j**3 + 5*j**2 - j + 10. Calculate d(-4).
30
Let t(i) = 124*i**2 - 2*i + 3. Determine t(-2).
503
Let q(n) = 4*n**2 + 259*n + 3658. Determine q(-44).
6
Let x(g) = g**3 + 21*g**2 + 29*g - 11. Calculate x(-2).
7
Let y(r) = -24*r**2 + 52*r - 51. Calculate y(1).
-23
Let r(q) = q**2 - 10*q - 523. Determine r(-18).
-19
Let m(p) = p**3 + 89*p**2 + p + 96. Determine m(-89).
7
Let t(m) = -2*m**3 + 16*m**2 + 4*m - 7. Determine t(9).
-133
Let v(i) = i**2 - 14*i + 56. Give v(10).
16
Let k(l) = -78*l**2 - 614*l + 87. Determine k(-8).
7
Let a(c) = 2*c**2 - 52*c - 618. Determine a(40).
502
Let b(z) = z**2 + 218*z + 9857. What is b(-64)?
1
Let w(v) = 118*v**2 - 21*v - 4. Determine w(-1).
135
Let x(n) = 19*n - 1602. Determine x(84).
-6
Let f(v) = v**2 - 29*v - 202. What is f(-6)?
8
Let f(v) = v**2 - 43*v + 121. Calculate f(46).
259
Let c(x) = 2*x**2 - 63*x + 23. Calculate c(32).
55
Let b(o) = 2*o**2 - 55*o - 110. Give b(25).
-235
Let s(d) = -17*d + 506. What is s(16)?
234
Let k(m) = m**2 - 60*m - 4285. Give k(-42).
-1
Let f(t) = -85*t**2 + 4*t + 1. Give f(-1).
-88
Let v(c) = 24*c - 84. Calculate v(-17).
-492
Let l(n) = 6*n + 30. Calculate l(-65).
-360
Let a(g) = -6*g**3 - 49*g**2 + 17*g + 206. Determine a(-8).
6
Let t(o) = 2*o**2 - 118*o - 5576. What is t(-31)?
4
Let x(v) = -177*v - 8327. Calculate x(-47).
-8
Let r(y) = -7*y**3 + 46*y**2 - 17*y + 17. Give r(7).
-249
Let s(u) = -13*u**2 + 6*u + 25. What is s(0)?
25
Let k(b) = -b**2 - 307*b - 1221. Determine k(-4).
-9
Let h(c) = -c**3 + 83*c**2 - 67*c - 1165. Determine h(82).
65
Let c(l) = l**2 + 35*l - 282. Determine c(10).
168
Let m(o) = o**2 - 12*o - 24. Determine m(-2).
4
Let z(p) = -p**2 - 35*p - 122. What is z(-7)?
74
Let p(c) = c**2 - 33*c - 2487. Give p(-36).
-3
Let y(u) = -8*u**2 - 5*u - 86. Give y(-6).
-344
Let z(s) = -22*s + 196. What is z(22)?
-288
Let c(j) = j**2 - 511*j + 1016. Calculate c(2).
-2
Let c(f) = -13*f**2 + 24*f + 36. Calculate c(2).
32
Let m(f) = 2*f**2 + 2349*f + 7038. Determine m(-3).
9
Let d(g) = 195*g + 206. Determine d(-1).
11
Let g(c) = c**2 - 952*c - 8678. Give g(-9).
-29
Let w(k) = -3*k**2 + 122*k - 258. What is w(40)?
-178
Let a(u) = -456*u - 416. Calculate a(-1).
40
Let g(a) = -93*a**3 + 4*a**2 + 2*a + 2. Give g(-1).
97
Let b(l) = -22*l**2 + 12*l - 24. Calculate b(2).
-88
Let v(h) = 75*h + 3459. Give v(-46).
9
Let i(n) = -n**2 - 42*n - 432. Determine i(-23).
5
Let y(p) = -p**3 - 20*p**2 - 10*p - 37. Determine y(-19).
-208
Let j(t) = -74*t - 86. What is j(-1)?
-12
Let i(v) = -v**3 - 8*v**2 - 40*v + 524. Determine i(5).
-1
Let r(v) = v**3 - 5*v**2 - 9*v + 56. Give r(5).
11
Let v(h) = -238*h**3 - 84*h**2 + 5*h. Calculate v(-1).
149
Let l(j) = 4*j**2 - 68*j - 1919. Calculate l(-15).
1
Let a(j) = j**3 + 30*j**2 - 33*j - 126. Calculate a(-31).
-64
Let q(z) = -2*z**3 - 7*z**2 - 8*z + 13. Determine q(-4).
61
Let h(y) = -y**3 - 34*y**2 - 144*y + 27. Determine h(-29).
-2
Let y(d) = -1003*d + 4987. Calculate y(5).
-28
Let l(i) = -42*i - 627. Give l(-10).
-207
Let b(v) = -2*v**3 - 81*v**2 - 106*v + 418. Give b(-39).
-11
Let n(p) = 80*p - 698. Determine n(8).
-58
Let a(l) = -2882*l + 478408. What is a(166)?
-4
Let m(t) = -2*t**3 - 2*t**2 - 7*t + 12. Calculate m(3).
-81
Let u(s) = 26*s - 674. Determine u(36).
262
Let j(p) = -p**2 + 88*p + 2244. Calculate j(-20).
84
Let g(d) = -d**2 - 348*d + 168643. Calculate g(272).
3
Let b(x) = -x**3 + 18*x**2 - 71*x - 39. What is b(7)?
3
Let w(y) = -y**3 - 13*y**2 - 24*y - 85. Determine w(-11).
-63
Let h(y) = -y**2 + y + 88. What is h(-11)?
-44
Let f(s) = -2832*s + 62311. Calculate f(22).
7
Let q(u) = -9*u**2 + 116*u + 638. Calculate q(17).
9
Let q(m) = 40*m**3 + 6*m**2 - 9*m - 14. Calculate q(-1).
-39
Let b(k) = -32*k**2 + 6*k + 14. What is b(-2)?
-126
Let g(w) = w**2 - 72*w + 612. What is g(9)?
45
Let f(v) = -v**3 + 2*v**2 + 3*v - 48. Give f(0).
-48
Let v(s) = 3*s**3 - 368*s**2 - 128*s + 773. What is v(123)?
158
Let q(c) = 6*c**3 + 29*c**2 - 38*c + 7. Give q(1).
4
Let o(s) = s**2 + 17*s - 79. Give o(4).
5
Let j(h) = -h**2 - 3209*h + 77596. Determine j(24).
4
Let z(n) = -n**3 + n**2 + 26*n + 4. Calculate z(-6).
100
Let u(f) = -54*f - 485. What is u(-9)?
1
Let g(p) = -2*p**3 + p**2 + 4*p + 15. Give g(7).
-594
Let d(c) = -35*c**2 + 21*c + 22. Calculate d(-1).
-34
Let a(o) = 2*o**3 + 8*o**2 + 11*o + 1. What is a(-2)?
-5
Let a(u) = -22*u + 1558. Calculate a(58).
282
Let n(s) = 83*s - 1658. Determine n(21).
85
Let o(j) = 2*j**2 - 423*j - 5819. Calculate o(-13).
18
Let w(g) = 6*g**3 + 14*g + 12. Determine w(-2).
-64
Let g(i) = -i**2 - i - 12. What is g(-4)?
-24
Let v(q) = 25*q - 416. Give v(16).
-16
Let n(d) = d**3 - 3*d**2 + 38. Give n(-4).
-74
Let t(w) = 20*w + 826. Give t(-43).
-34
Let z(t) = 10*t**2 - 293*t + 46. Determine z(29).
-41
Let f(m) = -14*m**2 - 129*m - 4. Determine f(-9).
23
Let j(n) = -635*n**2 - 1911*n - 13. Determine j(-3).
5
Let b(l) = -l**2 + 71*l + 2784. Give b(99).
12
Let o(t) = -t**2 - 2180*t - 17370. Determine o(-8).
6
Let r(h) = h**2 - 113*h + 3171. Determine r(61).
-1
Let q(g) = -62*g**2 - 688*g - 7. Calculate q(-11).
59
Let i(y) = 15*y**2 - 200*y + 64. Determine i(13).
-1
Let w(l) = 11*l**2 + 11*l - 26. Give w(-7).
436
Let s(u) = -10*u**3 + 4*u**2 + 2*u. What is s(-1)?
12
Let u(z) = 5*z**2 + 43*z - 61. Determine u(-12).
143
Let r(c) = 6*c**2 - 46*c + 17. Calculate r(7).
-11
Let j(h) = h**2 + 84*h - 446. Give j(-85).
-361
Let t(k) = -k**3 + 68*k**2 - 30*k - 2456. What is t(67)?
23
Let o(k) = -1107*k**3 + 26570*k**2 - 47*k - 23. Give o(24).
1
Let y(i) = 2171*i + 15191. Calculate y(-7).
-6
Let w(x) = -17*x**2 + 127*x + 84. Determine w(8).
12
Let k(x) = x**3 + 4*x**2 - 10*x + 26. What is k(-6)?
14
Let x(y) = y**2 - 33*y + 228. Determine x(23).
-2
Let q(g) = 2*g**2 - g +